e 13*u - 8*u = 5775. Suppose -13*k - u = -8*k. Let j = -149 - k. What is the units digit of j?
2
Suppose 2*g + 2*l = -l - 2, 2*g - l = -2. Let w be 7/(7/32) + (-2)/g. Suppose -i + x = -w, -194 = -5*i - x - 2*x. What is the tens digit of i?
3
Let s = 90 - 88. Suppose 5*a - 725 = -s*x + 228, 4*a - 766 = 2*x. What is the hundreds digit of a?
1
Suppose 140 - 188 = 6*i. What is the tens digit of 2*73 + 8 + (-20 - i)?
4
What is the thousands digit of 6/5 + (-4918055)/(-475)?
0
Let r = -306 + 378. Let i = r + 916. What is the units digit of i?
8
Let h(p) = 705*p**2 + 217*p - 1029. What is the thousands digit of h(5)?
7
Suppose 0 = -21*z + 41 + 22. Let a be 3020/(-3)*9/(-6). Suppose z*x = -7*x + a. What is the hundreds digit of x?
1
Let h = 5 + -3. Let d be ((-24)/28)/(3/((-21)/h)). Suppose 2*p - d = 5, 3*y - 212 = p. What is the units digit of y?
2
Let u be (-12)/9*(-2607)/(-22). Let w = 917 + u. What is the units digit of w?
9
Suppose -z - 5*d + 42 = 0, 2*z + 0*z = 4*d + 56. Let r = z - -97. Suppose 0 = -5*m + 2*m + r. What is the units digit of m?
3
Suppose 4*c - 31 + 6 = -5*s, 29 = 5*c + 4*s. Suppose -5*o - 472 = -p - 2*p, -o - 772 = -c*p. What is the hundreds digit of p?
1
Suppose -v + 8904 = 2*g, -18 = -g - 5*g. What is the units digit of v?
8
Let c be 4 - 15/10*-2. Suppose -2*l + c*p + 1116 = 5*p, -3*l + 2*p = -1670. What is the tens digit of l?
5
Suppose -s - 13 = -15. Suppose 78*c - 77*c = 0, s*c + 3405 = 5*r. What is the tens digit of r?
8
Let j be 3/(-9) + 3604/12. Suppose j = 9*b - 231. Let n = 28 + b. What is the tens digit of n?
8
Let g(c) = -2*c + 2. Let n(q) = -21*q + 135. Let m(j) = -2*g(j) - n(j). What is the units digit of m(35)?
6
What is the ten thousands digit of (-1 + 196)/((-312)/(-28912))?
1
Let k be 92470/18 - -9*4/(-162). Suppose -k + 961 = -9*x. What is the hundreds digit of x?
4
Suppose -1791567 = -97*w + 2068160. What is the hundreds digit of w?
7
Suppose -2*n + 11 = -3*a, 2*a = a + 5*n - 8. Suppose y - 5*i = -1149, -4*y - 12*i + 10*i = 4662. What is the tens digit of (2/8)/(a/y)?
9
Let a(n) = 14*n**2 - n + 1. Let f(p) = 9*p**2 - p + 1. Let u(o) = -5*a(o) + 8*f(o). Let x be u(2). Suppose -x*c + 32 = -38. What is the tens digit of c?
1
Let m = -1414 - -1661. Let i be 2/6 - (-33)/9. Suppose o + 2*o - 251 = -i*u, -4*u + m = -o. What is the units digit of u?
2
Let d = 148 - 105. Let w = d + 11. What is the hundreds digit of (-653)/(-6) + 9/w?
1
Suppose 113*x - 552942 = 74*x. What is the tens digit of x?
7
Let l be (-2)/(-1) + 2 - (-27192)/33. Suppose 5*t - a - 422 = 593, -4*t + 4*a + l = 0. What is the tens digit of t?
0
Let a = 91 - 91. Suppose 6*i + 78 - 4806 = a. What is the units digit of i?
8
Let a = 629 - 625. Suppose -w + 4 = -3*w, a*m - 4482 = -w. What is the tens digit of m?
2
Let i = 20 - -142. Let o = i - 154. What is the units digit of o?
8
Let o(p) = -5*p + 344 + p + 0*p + p. What is the units digit of o(0)?
4
Suppose -a = 2*a - 6. Suppose 4*q + v - 17 = 0, 5*v - a = -q + 4*v. Suppose q*t - 69 - 619 = 4*f, -t - 3*f = -149. What is the tens digit of t?
4
Let i(k) = -6*k**2 - k + 10. Let w be i(10). Let r = w + 284. Let c = -193 - r. What is the tens digit of c?
2
Suppose 12*d - 45 = -3*d. Let c be (-2 - -40)/(d/12). Let r = c - 77. What is the tens digit of r?
7
Suppose -7*v = -3*v - 84. Let j(g) = -g**3 - 3*g**2 - 75*g - 339. Let k be j(-5). Let y = k - v. What is the units digit of y?
5
Suppose -5*m = -4*f - 27 + 8, f - 2*m + 4 = 0. Let t be -2*(2/3 - (-199)/f). Let o = -24 + t. What is the tens digit of o?
4
Let f(r) = -r**3 - 24*r**2 - 24*r - 28. Let b be f(-23). Let w be (33/4)/(b/20). Let z = 137 + w. What is the units digit of z?
4
Let m(a) = 10*a + 2*a**3 + 5 - 6*a**2 + 5 - 26 + 8. Let z be m(4). Let f = z + -58. What is the units digit of f?
6
Let s = 73 + -69. Suppose 5 = -5*o - 0, s*k - 3*o = -193. Let d = k - -86. What is the units digit of d?
7
Suppose 0 = s + 4, -6*n + 3*n - 5*s = 20. Suppose 2*p - 303 - 911 = n. What is the hundreds digit of p?
6
Let g(s) = -2*s - 2*s**2 - 10*s**2 + 29*s**3 - 10 - 30*s**3. Let i be g(-12). Suppose v - i = 63. What is the tens digit of v?
7
What is the units digit of -1 + 6 - (-12033)/(-84)*-44?
8
Suppose -848 = 6*p + 2482. Let w = 934 + p. What is the tens digit of w?
7
Let q = 1290 + -1280. Suppose -2*r + 59 = -185. Let i = q + r. What is the hundreds digit of i?
1
Let s(u) = -u + 18. Let l(q) = -2*q**3 - q**2 + 3*q - 2. Suppose 1 - 7 = 3*f. Let k be l(f). What is the units digit of s(k)?
4
What is the tens digit of 7020 + (-5 - (-8)/2)*-7?
2
Let i = 566 - 568. Let t(f) = -427*f - 9. What is the units digit of t(i)?
5
Let q be (20 + -21)/((-2)/7442). Suppose -3*x - 1060 = 3*y - q, 5*x + 4*y - 4437 = 0. What is the units digit of x?
9
Suppose -167*v = -181*v + 378. Suppose -v*i = -11947 + 148. What is the hundreds digit of i?
4
Suppose 7*t = 6940 + 4176. Suppose -25*b + t = -21*b. What is the tens digit of b?
9
Let l be 1 - (-4 - (490 + 3)). Let g = l + -136. What is the units digit of g?
2
Let y = -56493 - -79440. What is the hundreds digit of y?
9
Let h be 4 + (-1 - 1 - (-3 + -1)). Suppose -g + h*g - 1245 = 0. Suppose -5*d = -y + g, 2*y = -2*d + d + 531. What is the tens digit of y?
6
Let u(h) = 649*h - 287. What is the hundreds digit of u(15)?
4
Let n = -88742 + 130357. What is the units digit of n?
5
Let n(w) = -w**3 - 90*w**2 + 168*w + 80. What is the tens digit of n(-93)?
0
Let i = -12 - -17. Let p(u) = 4*u - 6. Let r be p(2). Suppose 3*g - 5*v = 120, i*g - v = r*v + 184. What is the units digit of g?
5
Suppose 4*h + 5 - 21 = 3*m, 5*m + 20 = 0. Suppose -6*v + 2908 = 2*b - 4*v, v = h. What is the tens digit of b?
5
Let l(i) = 1073*i**2 - 39*i - 124. What is the hundreds digit of l(5)?
5
Suppose -4*l - 2*z + 14174 = 0, 0 = 8*z - 6*z + 10. Suppose -14*k + l - 1082 = 0. What is the hundreds digit of k?
1
Let i(m) = 1476*m - 3482. What is the units digit of i(12)?
0
Let r(i) = 6*i**3 - 8*i**2 - 14*i + 86. What is the units digit of r(6)?
0
Suppose -2*v - 4*c + 7133 = v, -v - 2*c + 2375 = 0. Suppose -5*n - 258 + 3553 = -5*m, 3255 = 5*n + 5*m. Suppose -9*z = -v + n. What is the hundreds digit of z?
1
Let j be 389/9 - 10/45. Suppose j*r + 2604 = 9570. What is the units digit of r?
2
Let h(s) = 33*s - 37. Suppose -w + 5*i = w - 45, -115 = -4*w + 5*i. Let u = w - 30. What is the tens digit of h(u)?
2
Suppose p + 2*i + 2*i - 169 = 0, 2*i + 358 = 2*p. Suppose 170*k - p*k + 5187 = 0. What is the tens digit of k?
4
Let o be -4 - (-3)/(-3) - -2277. What is the units digit of ((-60)/16)/((-12)/o)?
0
Suppose -16*x + 4072 = -2136. Let d = x + 5. What is the hundreds digit of d?
3
Let l(r) = r**3 - 13*r**2 + 4. Let d be l(13). Suppose -4*p + 68 = -d*f, 0*p + p = 4*f + 23. Let c = p + -12. What is the units digit of c?
3
Let o = -44399 - -85251. What is the tens digit of o?
5
Let w(i) = -308*i - 15. Let h = -382 - -379. What is the hundreds digit of w(h)?
9
Let n(r) = -34*r + 3. Let j be n(-4). Suppose -j = -6*v - 757. Let w = 160 + v. What is the units digit of w?
7
Let q(v) be the first derivative of 2*v**3/3 - 9*v**2/2 + 14*v - 35. Let z(x) = 4*x - 36. Let h be z(11). What is the units digit of q(h)?
0
Suppose -12*p - 151 = -40471. What is the units digit of p?
0
Suppose -6*o = -168 - 48. Let h be o/8 + 1/(-2). Suppose -y - 18 = -h*y. What is the units digit of y?
6
Suppose 2234 + 61894 = 24*h. What is the units digit of h?
2
Let d = -86730 - -124226. What is the tens digit of d?
9
Let k(j) = j**2 - 6*j - 1. Let s be k(6). Let f(x) = -19*x + 1. Let o(y) = 2*y. Let p(n) = f(n) - 3*o(n). What is the tens digit of p(s)?
2
Suppose 3*f + 4*t - 34 = 0, f - 30 = -4*t - 8. What is the units digit of ((-14630)/57)/((-4)/f)?
5
Let g(j) = -j - 1. Let u be g(-3). Suppose -2*h - s = -5*h - 173, u*h = -s - 112. What is the units digit of (h/1)/((162/(-12))/9)?
8
Let n(s) = 4*s**2 - 54*s - 4. Let u(k) = 3*k**2 + 98*k - 16. Let j be u(-33). What is the hundreds digit of n(j)?
2
Let i(m) = -7*m**3 + 63*m**2 + 650*m - 10. What is the tens digit of i(-20)?
9
Let l be 0/(-33) + (0 - -1). What is the tens digit of l/7 + (70848/(-42))/(-8)?
1
Let r(a) = -71*a + 2. Let q be r(1). Let u be (4/(-6))/(10/1515). Let i = q - u. What is the units digit of i?
2
Suppose -212 = -4*f + 5*r, 3*f - r = 6*f